he greatest common divisor of 432 and 2646?
54
Calculate the greatest common factor of 5844 and 24.
12
Calculate the greatest common factor of 1984 and 80.
16
What is the greatest common factor of 62 and 93?
31
What is the greatest common divisor of 84 and 156?
12
What is the highest common factor of 4809 and 42?
21
What is the highest common divisor of 203 and 175?
7
What is the greatest common factor of 39 and 65?
13
What is the highest common divisor of 578 and 68?
34
Calculate the highest common divisor of 6372 and 118.
118
Calculate the greatest common factor of 80 and 5.
5
Calculate the highest common factor of 56 and 72.
8
What is the highest common divisor of 217 and 124?
31
What is the greatest common factor of 64900 and 295?
295
Calculate the highest common factor of 3060 and 20.
20
What is the highest common divisor of 19640 and 80?
40
Calculate the highest common divisor of 880 and 90.
10
Calculate the highest common factor of 2 and 128.
2
Calculate the greatest common divisor of 130 and 8.
2
What is the highest common factor of 4 and 266?
2
What is the greatest common factor of 620 and 460?
20
What is the highest common divisor of 1634 and 1204?
86
What is the greatest common divisor of 123 and 205?
41
Calculate the highest common divisor of 18 and 117.
9
Calculate the highest common divisor of 42 and 1218.
42
Calculate the highest common factor of 25 and 1975.
25
Calculate the highest common divisor of 1246 and 2848.
178
Calculate the highest common factor of 5052 and 204.
12
What is the greatest common factor of 218 and 4?
2
What is the greatest common divisor of 663 and 39?
39
Calculate the highest common divisor of 34 and 136.
34
What is the highest common factor of 36 and 192?
12
Calculate the greatest common factor of 3015 and 45.
45
Calculate the highest common divisor of 600 and 48.
24
What is the highest common factor of 328 and 410?
82
Calculate the greatest common divisor of 4 and 932.
4
Calculate the greatest common divisor of 11 and 3.
1
Calculate the highest common factor of 1342 and 88.
22
What is the greatest common factor of 20 and 90?
10
Calculate the highest common factor of 15 and 105.
15
What is the highest common divisor of 12 and 21?
3
What is the greatest common divisor of 33 and 2343?
33
What is the highest common factor of 1751 and 17?
17
Calculate the highest common factor of 1309 and 385.
77
Calculate the greatest common factor of 234 and 4407.
39
Calculate the highest common factor of 330 and 50.
10
Calculate the greatest common divisor of 22 and 8822.
22
What is the highest common divisor of 6564 and 24?
12
What is the greatest common factor of 1316 and 56?
28
What is the highest common divisor of 3855 and 15?
15
Calculate the greatest common divisor of 8 and 454.
2
What is the greatest common divisor of 55 and 11?
11
What is the highest common factor of 20 and 7?
1
Calculate the greatest common factor of 7 and 14.
7
What is the greatest common divisor of 1350 and 108?
54
Calculate the highest common factor of 55 and 85.
5
Calculate the highest common divisor of 39 and 533.
13
What is the greatest common factor of 62 and 10819?
31
Calculate the greatest common divisor of 80 and 102640.
80
What is the greatest common divisor of 672 and 1092?
84
Calculate the highest common factor of 212 and 36.
4
What is the greatest common factor of 289 and 272?
17
Calculate the greatest common divisor of 14 and 2338.
14
Calculate the greatest common divisor of 36 and 588.
12
What is the greatest common factor of 69 and 2783?
23
What is the highest common divisor of 119 and 14059?
17
Calculate the greatest common factor of 122 and 1159.
61
What is the highest common factor of 27 and 513?
27
What is the greatest common divisor of 31 and 31?
31
What is the highest common divisor of 71 and 568?
71
Calculate the greatest common factor of 725 and 25.
25
Calculate the highest common divisor of 14865 and 15.
15
What is the highest common factor of 312 and 8064?
24
What is the highest common factor of 1045 and 95?
95
What is the highest common divisor of 232 and 1247?
29
Calculate the highest common divisor of 6375 and 51.
51
What is the greatest common divisor of 1482 and 78?
78
Calculate the greatest common factor of 150 and 210.
30
Calculate the highest common factor of 2051 and 21.
7
What is the highest common factor of 8847 and 9?
9
What is the highest common divisor of 38 and 11191?
19
Calculate the greatest common divisor of 118 and 2006.
118
Calculate the greatest common factor of 4 and 28.
4
Calculate the highest common divisor of 650 and 13.
13
What is the greatest common factor of 425 and 25?
25
Calculate the highest common factor of 483 and 69.
69
Calculate the greatest common divisor of 7 and 567.
7
What is the highest common factor of 36 and 99?
9
Calculate the greatest common divisor of 1256 and 2041.
157
What is the greatest common divisor of 40 and 24040?
40
Calculate the greatest common factor of 31 and 93.
31
Calculate the highest common divisor of 391 and 17.
17
Calculate the greatest common factor of 2515 and 5.
5
What is the greatest common divisor of 48 and 5688?
24
What is the highest common divisor of 61 and 4331?
61
What is the highest common divisor of 41 and 17?
1
Calculate the greatest common divisor of 16 and 1640.
8
What is the greatest common divisor of 24 and 456?
24
Calculate the greatest common divisor of 65 and 2770.
5
Calculate the greatest common factor of 2040 and 40.
40
Calculate the highest common divisor of 178 and 267.
89
What is the greatest common divisor of 12 and 3?
3
Calculate the highest common factor of 336 and 196.
28
What is the highest common factor of 459 and 138?
3
What is the greatest common divisor of 48 and 304?
16
What is the greatest common divisor of 88 and 209?
11
Calculate the greatest common divisor of 8 and 32.
8
Calculate the highest common divisor of 3808 and 32.
32
What is the greatest common factor of 18 and 66?
6
What is the greatest common factor of 65 and 10985?
65
Calculate the highest common factor of 585 and 135.
45
Calculate the greatest common divisor of 54 and 1161.
27
Calculate the highest common divisor of 230 and 870.
10
Calculate the highest common factor of 234 and 104.
26
What is the highest common factor of 1 and 211?
1
Calculate the greatest common divisor of 2421 and 225.
9
What is the greatest common divisor of 48 and 4848?
48
What is the highest common divisor of 3 and 55?
1
Calculate the greatest common divisor of 53 and 25970.
53
Calculate the highest common divisor of 98 and 343.
49
Calculate the highest common divisor of 12552 and 8.
8
Calculate the highest common factor of 62372 and 31.
31
Calculate the greatest common divisor of 40 and 490.
10
Calculate the highest common divisor of 198 and 22869.
99
Calculate the greatest common factor of 120 and 24.
24
Calculate the greatest common divisor of 54 and 6453.
27
What is the greatest common divisor of 44 and 13233?
11
Calculate the highest common divisor of 7299 and 18.
9
What is the greatest common divisor of 8289 and 27?
27
What is the highest common factor of 82329 and 39?
39
Calculate the highest common factor of 306 and 54.
18
What is the greatest common divisor of 299 and 156?
13
What is the greatest common factor of 18 and 144?
18
What is the highest common divisor of 148 and 37?
37
What is the greatest common divisor of 9816 and 24?
24
What is the greatest common factor of 12 and 84?
12
Calculate the greatest common divisor of 415 and 332.
83
Calculate the greatest common factor of 28 and 938.
14
Calculate the highest common divisor of 525 and 420.
105
What is the greatest common factor of 66 and 22?
22
What is the greatest common divisor of 11 and 143?
11
Calculate the greatest common divisor of 350 and 196.
14
Calculate the greatest common divisor of 6207 and 3.
3
What is the highest common factor of 126104 and 88?
88
What is the highest common divisor of 7 and 189?
7
What is the greatest common divisor of 52 and 1768?
52
Calculate the highest common factor of 5 and 358.
1
Calculate the greatest common factor of 320 and 140.
20
What is the greatest common factor of 10 and 2100?
10
What is the greatest common factor of 47 and 2?
1
What is the highest common factor of 9 an